 be -10*(-4 + (-27)/(-6)). Let j be o(y). What is the greatest common divisor of j and 1?
1
Suppose 0 = -12*u + 16*u - 3*l, -2*l = -8. Let s = 47 - 26. Calculate the highest common divisor of s and u.
3
Suppose 0 = 2*j - 4*u - 12 - 34, 5*u + 15 = 0. Let d(m) = -m**3 + 22*m**2 - 17*m - 67. Let a be d(21). Calculate the highest common divisor of a and j.
17
Let d = 185 - 170. Calculate the highest common divisor of d and 3.
3
Suppose 0 = 24*v - 19*v - 165. What is the greatest common divisor of 44 and v?
11
Let n = 37 - 25. Let b = 4 + n. What is the greatest common divisor of 40 and b?
8
Let n = -8 - -18. Let h be 1/2*(3 - 2/2). Let c be (-45)/(-9)*(15 + 1/h). What is the greatest common factor of n and c?
10
Let q = 11 + 74. Let n = q + -75. What is the greatest common divisor of 80 and n?
10
Suppose n + 4*g - 108 = 0, -6*n + 2*g + 282 = -3*n. Calculate the highest common divisor of 30 and n.
6
Let m = -581 + 1120. What is the greatest common divisor of 11 and m?
11
Let y be ((-3)/(-2))/(1/(-2)). Let r be (12 - 15)/(y/11). Calculate the greatest common divisor of 44 and r.
11
Let x(u) = 8*u**2 + 3*u. Let r = -87 - -88. Let n be x(r). Calculate the highest common factor of n and 187.
11
Let i(r) = -2*r + 46. Let s be i(17). Let u = 58 - 52. What is the highest common divisor of s and u?
6
Let y be 2 + 99 + (-13 - -11) + -4. What is the highest common factor of y and 152?
19
Suppose 2*l - 13 = 15. Let n be 15/(-75)*(-30 - 5). Calculate the greatest common divisor of l and n.
7
Let x = 117 + -73. Calculate the greatest common divisor of x and 77.
11
Let k be (120/(-14))/(80/(-35) - -2). Calculate the highest common divisor of 270 and k.
30
Let t(m) = -m - 9. Let c be t(6). Let l = -2 + c. Let b = -7 - l. Calculate the highest common divisor of b and 1.
1
Let n be 45*68/12 - (-7)/(-1). What is the highest common factor of 434 and n?
62
Let n = 11 - 14. Let q(p) = -2*p - 3. Let s be q(n). Let a be 8/(-4)*3/(-2). Calculate the greatest common factor of s and a.
3
Let q be (-9)/6*((-15)/3 - -3). Calculate the highest common divisor of q and 1.
1
Let g = 1 + 7. Let v be -2*2*(-52)/g. Suppose v = -8*i + 9*i. Calculate the greatest common divisor of 26 and i.
26
Let q(b) = 3*b + 22. Let y be q(0). Calculate the greatest common factor of 418 and y.
22
Let u be (-2 - 1 - -4) + 4. Suppose 2*x - 42 = u*k, -x + 0*x = -4*k - 27. Calculate the greatest common divisor of x and 99.
11
Let o = 263 + -75. Suppose q + 2*q + 4*z - o = 0, 0 = 5*q + 3*z - 306. Suppose 5*y + q = 8*y. Calculate the greatest common factor of 5 and y.
5
Suppose -5*s - 19 = m, -2*m - 4*s - 2 = m. Suppose -15 = -q - 3*g, 263*q + 4*g = 258*q + 119. What is the highest common divisor of m and q?
3
Suppose -13*d + 152 = -56. What is the highest common factor of 176 and d?
16
Suppose 4*i = 2*i - i. Let j be (2 - 2) + 6 + i. Calculate the highest common factor of j and 27.
3
Let j(l) = 33*l**3 - 4 - 25*l**3 - l**2 - l + 6*l. Let s be j(1). What is the highest common factor of s and 64?
8
Suppose 195 = 11*z + 2*z. What is the highest common divisor of 915 and z?
15
Let h = 156 + -31. Calculate the greatest common factor of 75 and h.
25
Suppose c + 48 = -167. Let s = -145 - c. What is the greatest common factor of s and 28?
14
Suppose -67 = -20*s + 233. Suppose -3*z + 4*y - 2 = 0, -3*z + 5*y + 8 = 3*y. What is the greatest common factor of s and z?
3
Let s(j) = 27*j - 2. Let a be s(-1). Let m = a - -36. Calculate the highest common divisor of m and 63.
7
Suppose -11*k - 10 = -16*k. Suppose -r - 707 = -5*u + 3*r, 0 = -k*u + 5*r + 276. Calculate the highest common factor of 13 and u.
13
Suppose -64*k + 74250 = 71*k. Suppose 5*s = 4*j - 5*j + 250, 5*s + 2*j = 250. What is the highest common factor of s and k?
50
Let f be (-2 - -3)/(7 - (-2795)/(-400)). What is the greatest common factor of 88 and f?
8
Let j(u) = 28*u**3 - 8*u**2 + 8*u - 1. Let c be j(1). Calculate the highest common factor of c and 63.
9
Let d be (-4)/(-3)*15 + 4. Let m be 2/3 - (-368)/d. Calculate the greatest common divisor of 40 and m.
8
Let p = 9 - 6. Suppose -5*f - v + 35 = -0*f, p*f - 21 = -3*v. What is the greatest common factor of f and 35?
7
Suppose 95*m + 335 = 2330. Calculate the highest common factor of m and 2877.
21
Let j(u) = 1 + 0 + 6*u + 8*u**2 + 9*u**2 - 16*u**2. Let y be j(-7). What is the highest common divisor of y and 2?
2
Let y be 56 - (-1 + 10/(-5)). Let z = 49 + y. Calculate the greatest common divisor of 9 and z.
9
Let v(b) = 14*b**2 + 15*b - 64. Let g be v(4). Suppose -u + 6*u = 220. What is the highest common divisor of g and u?
44
Let u be (-5)/(-2)*(0 - 2). Let p(d) = -10*d**3 - 2*d**2 + 3*d + 7. Let m be p(-3). Let q be ((-6)/u)/(15/m). Calculate the highest common divisor of q and 140.
20
Suppose d + 19*q = 18*q + 14, 3*d + 4*q - 47 = 0. What is the highest common factor of d and 9?
9
Suppose -2*o = 13 - 19. Suppose 2 = -2*d + 2*h + o*h, 0 = -2*h + 8. Suppose 29 - 2 = 3*f. Calculate the highest common factor of d and f.
9
Let y(s) = s**3 + 5*s**2 - 7*s - 1. Let v be y(-7). Let d = v + 74. Let r(z) = -21*z + 477. Let j be r(21). What is the greatest common divisor of j and d?
12
Let b = 118 - 102. Suppose -b = -2*j + 12. Calculate the highest common factor of 14 and j.
14
Let h be 21/9 + ((-20)/(-6))/5. Suppose 4*v + y + h*y = 20, 10 = 2*v - 2*y. What is the greatest common factor of v and 1?
1
Let o = -1787 - -1800. Let s be (2/3)/((-2)/(-156)). What is the highest common divisor of o and s?
13
Suppose -73*m + 80*m - 238 = 0. What is the highest common factor of 1156 and m?
34
Suppose -131 + 191 = 10*b. Suppose 0 = 2*h + 2 - 50. What is the highest common divisor of b and h?
6
Let r be 5/(-40)*2 - (-1539)/76. Let y = 33 - 3. What is the highest common divisor of y and r?
10
Let r(g) = 2*g + 10. Let p be r(4). Suppose -p = -15*d + 13*d. What is the highest common factor of d and 18?
9
Let v be (-2)/5 + 6 + 8/(-5). Let q = 5 + 11. What is the highest common factor of q and v?
4
Let w(b) = 37*b - 70. Let o be w(16). Calculate the greatest common factor of o and 18.
18
Suppose 48 = -3*i + 2*i - 3*p, i + 18 = 3*p. Let j = -16 - i. Calculate the highest common divisor of j and 34.
17
Let n be (3/6)/((-3)/(-30)) + -1. Let s be (n + 326)*(-3)/(-2). Calculate the highest common factor of 45 and s.
45
Suppose 2*h - h = 0. Suppose -5*g + 10 = -h*g. Suppose -u + 3*u + 11 = c, 0 = -u - g. Calculate the greatest common divisor of 7 and c.
7
Let d be (-3 - -10 - -48)*(-93)/(-5). What is the highest common divisor of 93 and d?
93
Suppose 0 = -13*g + 19*g - 882. Calculate the highest common factor of g and 3.
3
Let s(y) = y**3 + 7*y**2 - 4*y + 1. Let k be 14*(-2)/(-4)*-1. Let l be s(k). Calculate the greatest common divisor of 116 and l.
29
Suppose 2*u - 637 = 11. Calculate the highest common factor of 36 and u.
36
Let o = 61 + -58. Let b be (-2 + o + 0)/(-1) - -89. What is the greatest common divisor of 11 and b?
11
Let z = -79 + 82. Suppose -z*y - 3*n = -5*y + 446, 0 = -2*y - 2*n + 436. What is the highest common divisor of 88 and y?
44
Suppose 2*i = -2 + 12. Let s be (-40)/6*(-6)/i. Suppose 3*f + 4*c + c - 191 = 0, 3*f + 2*c - 206 = 0. Calculate the highest common factor of f and s.
8
Let y = -32 - -15. Suppose 135 = 4*a + 5*w, 0*a - 5*w - 105 = -4*a. Let f = y + a. Calculate the greatest common divisor of f and 143.
13
Let d(w) = 135*w**2 + 13*w + 13. Let q be d(-1). Calculate the greatest common factor of q and 75.
15
Let i = 4 + -1. Suppose i*j - 20 = -5*v, 2*j - j = -2*v + 8. Suppose v*q = 6*q - 144. Calculate the highest common divisor of q and 8.
8
Let n be 3*(-3 - 16/(-6)). Let v be -1 - (n - -2) - -6. Let h be 4*v*2/8. What is the highest common factor of h and 6?
2
Suppose 0 = -2*j - k + 42, -2*j + 7*j - 104 = -2*k. What is the greatest common factor of j and 20?
20
Suppose 0 = 21*s - 18*s - 690. Calculate the highest common factor of s and 46.
46
Let y be 30/35*(1 - -6). Suppose -9*u + y*u + 234 = 0. What is the greatest common divisor of u and 117?
39
Let o(h) = -10*h - 44. Let f be o(-6). Suppose 4*m - 4*d = f, -3*m + 36 = 2*m + 3*d. Calculate the highest common factor of m and 24.
6
Let d be 18/(-12)*(-1024)/24. Calculate the greatest common factor of d and 3008.
64
Let y(d) = 6*d - 33. Let q be y(